e (-1)/((-5)/(-1010)*-2)?
False
Let c = 1 - 7. Let m(x) = -x**2 - x - 7. Let s be m(c). Is 14 a factor of (s/(-2))/((-1)/(-2))?
False
Let j(a) = -a + 4. Let h be j(-4). Suppose -4*z + 4 = -h. Suppose -6 - 21 = -z*i. Is i a multiple of 4?
False
Suppose y - 139 = -4*q, -3*y + 0*q = -q - 352. Is 13 a factor of y?
False
Let i(r) = -6 - 2*r - 9*r - 12*r**2 - r**3 - 3 - 3*r. Is i(-11) a multiple of 6?
True
Suppose l = -2*k - 3, -2*l - 4 - 2 = -5*k. Suppose 3*p - 47 - 4 = k. Is p a multiple of 9?
False
Let f(m) = 8*m. Let c be f(-8). Let v = 42 + c. Let u = -11 - v. Is 9 a factor of u?
False
Let l(m) = -11*m + 6. Is 15 a factor of l(-5)?
False
Let p(m) = m**2 + 2*m - 36. Is p(-19) a multiple of 56?
False
Let w = 25 + -22. Suppose 2*g = w*x - 50 - 30, x - 4*g - 40 = 0. Does 12 divide x?
True
Let d(r) = 0*r - r + 1 - 1. Let o be d(-1). Does 11 divide 58/1*o/2?
False
Let d(w) = 2*w + 2. Let a be d(1). Suppose 58 = 5*z - 4*u + 2*u, 0 = a*z - 2*u - 48. Is 4 a factor of z?
False
Let s = 63 - 18. Is s/10 - (-1)/(-2) a multiple of 2?
True
Suppose 0 = -4*u - 17 - 11. Let t(k) = k**3 + 8*k**2 - 3. Does 14 divide t(u)?
False
Suppose -4*v = v - 15. Suppose -3*c + 5 = g, -3*c + 0*c + 15 = v*g. Suppose 1 = -b - 0*b - 4*w, 4*b - 3*w - 15 = c. Does 3 divide b?
True
Let v = 91 + -19. Let h = v + -47. Is h a multiple of 8?
False
Suppose 140 = 5*x - 15. Is 14 a factor of x?
False
Suppose 3*m = -15, 0 = -2*q + 6*m - m + 27. Is 13 a factor of -2 + -78*q/(-2)?
False
Suppose 10 = -3*x + 8*x. Suppose -2*s + 3*i = -51, -2*i = -2*s + x + 48. Does 12 divide s?
True
Let t = -2 - -41. Does 11 divide t?
False
Suppose 0 = 4*f + 4*h - 20, -3*f + 15 = -2*h + 5. Suppose -f*r + 30 = -74. Does 26 divide r?
True
Suppose 0*b = 3*b - 162. Does 13 divide b?
False
Let c = 189 - 119. Is 10 a factor of c?
True
Suppose 4*b = 3*b + 10. Is (6/b)/(1/115) a multiple of 23?
True
Suppose -q - 41 = -2*i, 2*i + q = -3*i + 85. Is 4/i + (-426)/(-27) a multiple of 6?
False
Let j = 93 + 26. Let a = -60 + j. Does 12 divide a?
False
Let g be (2/4)/((-2)/(-12)). Suppose 5 = -7*h + 8*h. Suppose s = 1, -5*c + g*s + 202 = h*s. Is 11 a factor of c?
False
Suppose -5*c - 35 = -5*n + n, -3*c = -2*n + 19. Let p be (-50)/c - 6/9. Let z = -10 + p. Is 3 a factor of z?
True
Let h(q) be the third derivative of 5*q**4/24 + q**3 + q**2. Is 18 a factor of h(6)?
True
Suppose s = 3*p - 111, 0 = -3*p - 3*s - 0*s + 99. Suppose -p = -3*k + 6. Does 14 divide k?
True
Suppose -5 - 107 = -2*q. Let j = q - 37. Is 10 a factor of j?
False
Let s = 7 + -5. Suppose -2*b + 7*b - 47 = -d, -14 = -2*b + s*d. Is b a multiple of 4?
False
Let v(p) = -35*p + 4. Let l be v(-4). Suppose 5*i - 5*d = l + 76, 0 = -3*i - 5*d + 100. Does 10 divide i?
True
Let r be 7/4 - (-1)/4. Suppose x + 5*o = -10, 3*x - o = -r*x + 28. Let h = 11 - x. Is h a multiple of 5?
False
Let p(i) = 13*i**2 + 3*i - 3. Let h be p(2). Let g(j) = -23*j + 1. Let v be g(-1). Let m = h - v. Is 12 a factor of m?
False
Is (48/12)/(4/58) a multiple of 29?
True
Let k(z) = -2*z - 4. Let j(t) = 1. Let g(d) = 5*j(d) + k(d). Let w be g(1). Is w/(-2*(-3)/(-54)) a multiple of 6?
False
Suppose 0 = 3*z + 5*v - 2 - 3, -4*v = z + 3. Suppose -z*i - u - u + 33 = 0, -2*u = -5*i + 37. Is 7 a factor of i?
True
Suppose 4*o = 2*k + 22, 4*o + k - 11 - 2 = 0. Suppose a = -3*q - o, -2*a - q + 7 = 2*q. Is 6 a factor of a?
False
Suppose -8*x = -5*x - 36. Suppose 0*v + x = v. Is 12 a factor of v?
True
Suppose -a = -3*a + 170. Does 31 divide a?
False
Let m(t) = t. Let n(w) = 12*w + 3. Let y(a) = 5*m(a) - n(a). Let v be ((-4)/(-6))/((-4)/36) + 1. Does 16 divide y(v)?
True
Let l be 4/6 + (-22)/(-3). Let t(f) = f**3 - 3*f**2 - 5*f - 4. Let p(b) = 2*b**3 - 5*b**2 - 9*b - 7. Let w(m) = 4*p(m) - 9*t(m). Is w(l) a multiple of 8?
True
Does 11 divide (15/(-3))/(((-4)/11)/4)?
True
Let a = -50 - -66. Is 5 a factor of a?
False
Suppose 72 = -2*x - 2*x. Does 9 divide x/(1 - 3 - -1)?
True
Suppose -p - 2*c = 3*c + 7, 5*p - 17 = c. Suppose -p*q + 4*g = -7, -4*g - 1 + 9 = 0. Suppose q*t = -32 + 172. Is t a multiple of 10?
False
Is 17 a factor of (-2 - 42/(-4))*8?
True
Let y = 24 - -2. Is y a multiple of 10?
False
Suppose 182 + 338 = 10*l. Does 13 divide l?
True
Let h(l) = -l + 3. Let v be h(6). Let k be v/15*2*5. Let y(f) = 2*f**2 + 4*f + 2. Is y(k) even?
True
Let s be (1 + -2)/(3/57). Let u = s + 46. Is 27 a factor of u?
True
Suppose -3*s = -2*r + 3, 4*s = 5*r - 2*r - 6. Is 58 - 2/r*3 a multiple of 15?
False
Let h = -10 + 8. Is h - (-18*3)/3 a multiple of 8?
True
Suppose 0 = -4*t, -2*h - t + 2*t = -6534. Does 21 divide 3/(-7) + h/77?
True
Suppose -2*r = -6*r + 164. Suppose -55 = -4*b + r. Is b a multiple of 8?
True
Let m = -18 + 21. Does 8 divide m + (7 - 2) + 0?
True
Does 5 divide ((-68)/8)/((-4)/40)?
True
Let m = -21 - -29. Let i = 7 + m. Does 15 divide i?
True
Let n be (-12)/30 - 17/(-5). Suppose -2*j = -2*x - 18, x + 16 = 2*j - n*x. Does 5 divide j?
True
Let i(y) = 2*y**2 - 3*y + 1. Let r be i(-3). Let w = r - 10. Is 9 a factor of w?
True
Suppose 0*n + 2*n = 106. Suppose -3*b + 100 = b. Suppose -b = -2*s + n. Is 15 a factor of s?
False
Is 12 a factor of 6/4*-2 + 15?
True
Does 9 divide (2/(-2)*1 - -7)*3?
True
Suppose f = 29 + 1. Is (264/(-15))/((-12)/f) a multiple of 22?
True
Is 1 + 1*((3 - -98) + 2) a multiple of 13?
True
Let c(p) = -p**2 - 8*p - 9. Let k be c(-6). Is (-6)/(-4)*74/k a multiple of 14?
False
Let m be -18 - 0/(-1 - -4). Let v be (-6)/27 + (-4)/m. Does 11 divide (-44 - v)*2/(-4)?
True
Let a(f) = 13*f**2 - 13*f - 11. Let l(i) = 7*i**2 - 6*i - 6. Let d(p) = -6*a(p) + 11*l(p). Is d(9) a multiple of 27?
True
Suppose 0 = q - 8*q + 70. Is q even?
True
Suppose 0 = 2*s + 2*c - 66, -5*s + 0*c = -c - 159. Let v = 52 - s. Suppose -v = -j + 11. Is 16 a factor of j?
False
Let y be ((-2)/6)/(1/(-78)). Let v be (-3)/12 + y/8. Suppose 52 = v*m + m. Is m a multiple of 11?
False
Suppose 5*t + 6 = 4*w, 3*t - 13 = -2*w + 1. Suppose 0 = 5*s - w*s. Is 10 a factor of 5/((-10)/(-48)) - s?
False
Let c(j) = 4*j**2 - 6*j - 8. Does 24 divide c(8)?
False
Is 13 a factor of ((-6)/(-2))/(16/352)?
False
Let x(n) = -n**3 - 4*n**2 + 6*n - 7. Does 14 divide x(-7)?
True
Let g be ((-18)/(-6))/((-2)/14). Let m = 30 + g. Is m a multiple of 3?
True
Let d(h) = 67*h**2. Let j be d(1). Let c = -5 + j. Is c a multiple of 28?
False
Let a(w) = 161*w**2 + w - 1. Is 12 a factor of a(-1)?
False
Does 16 divide -3 + (-4)/((-1028)/256 - -4)?
False
Let f = 134 + -73. Does 7 divide f?
False
Let a = -63 + 127. Is a a multiple of 4?
True
Let y = -3 - -3. Suppose -2*i + 2*o - 12 = -0*i, y = 4*i - 2*o + 22. Let t(n) = -n**3 - 5*n**2 - n + 2. Is 7 a factor of t(i)?
True
Is 7 a factor of 3/2*1050/45?
True
Let y be (31 - 7)*(-1)/2. Is (-99)/(-2) + 18/y a multiple of 16?
True
Is 3 a factor of ((-36)/(-21))/((-2)/(-7))?
True
Suppose -3*g = -2*y, -8*y = -4*y + 5*g + 44. Let v(j) = j**2 + 4*j + 2. Does 14 divide v(y)?
True
Let b(v) = -v + 11. Let f be b(8). Suppose q - f = n + 3*q, 19 = -n + 2*q. Does 9 divide n*(-3 + 4 + -2)?
False
Let a be (-5)/((-10)/4) - 0. Suppose 2*t + 5*j + 19 = 0, t + a*j + j + 12 = 0. Suppose 36 = 5*p - 3*d, 2*d = 4*p - t*d - 34. Is p a multiple of 6?
True
Let i(f) = 29*f + 1. Let p be i(1). Suppose 0 = 4*j + 12, -3*b + p = -3*j + 2*j. Is 7 a factor of b?
False
Suppose 4 = -m + 2*m. Suppose -m*d - 23 = -3*s, s - 4*s = 4*d - 31. Is 3 a factor of s?
True
Suppose 9*q = -9*q + 3150. Is q a multiple of 35?
True
Let v = 4 + -2. Suppose -3*u + 45 = 3*g - 2*g, 2*g - 26 = -v*u. Does 11 divide u?
False
Suppose -3*d = p - 10, 3*p - 4*d = 80 + 2. Is 11 a factor of p?
True
Suppose -16 = -f + 2*a, 3*f = 4*f - a - 18. Is 12 a factor of f?
False
Let m = 32 + -12. Suppose -w = -o - 3*o - 69, 0 = -5*o - m. Is 18 a factor of w?
False
Suppose -d + 342 = 2*d - 3*p, 2*d - 3*p - 227 = 0. Is 19 a factor of d?
False
Is 675/(-10)*(-4)/3 a multiple of 14?
False
Let k = -8 + 8. Suppose 4*t - 2*w - 38 = k, -2 = 5*t + w - 39. Is t a multiple of 4?
True
Let r(d) = 9*d**2 - d - 6. Does 32 divide r(-2)?
True
Suppose 0 = -5*i - 2 + 22. Is 3 a factor of i?
False
Let w be (-97)/(-11) + (-2)/(-11). Let n = w + -6. Suppose o + 8*k = n*k + 10, -5*k - 10 = 0. Is o a multiple of 12?
False
Does 24 divide 123 + -1*(4 + (0 - 1))?
True
Does 36 divide ((-5)/(-10))/((-3)/18) - -75?
True
Let 